{"id":271,"date":"2021-11-14T10:43:48","date_gmt":"2021-11-14T09:43:48","guid":{"rendered":"http:\/\/naturellement-belle.ch\/?page_id=271"},"modified":"2021-11-14T16:20:37","modified_gmt":"2021-11-14T15:20:37","slug":"microneedling-2","status":"publish","type":"page","link":"https:\/\/naturellement-belle.ch\/index.php\/microneedling-2\/","title":{"rendered":"Microneedling"},"content":{"rendered":"\n    \n    <section class=\"u-clearfix u-custom-color-2 u-section-2\" id=\"sec-9728\">\n      <div class=\"u-clearfix u-sheet u-sheet-1\">\n        <h1 class=\"u-custom-font u-font-raleway u-text u-text-custom-color-3 u-text-default u-text-1\">microneedling<\/h1>\n        <p class=\"u-custom-font u-font-raleway u-text u-text-custom-color-3 u-text-2\">&nbsp;LE RAJEUNISSEMENT EST \u00c0 PORT\u00c9E DE MAIN<br>\n        <\/p>\n        <div class=\"u-align-center u-border-20 u-border-custom-color-3 u-image u-image-circle u-image-1\" alt=\"\" data-image-width=\"738\" data-image-height=\"895\"><\/div>\n        <div class=\"u-opacity u-opacity-30 u-shape u-shape-rectangle u-white u-shape-1\"><\/div>\n        <h1 class=\"u-custom-font u-font-raleway u-text u-text-custom-color-3 u-text-default u-text-3\">Informations<\/h1>\n        <ul class=\"u-custom-font u-font-raleway u-indent-0 u-spacing-15 u-text u-text-4\">\n          <li>\n            <span style=\"background-color: #f9eaf1;\">de 40 \u00e0 60 minutes par s\u00e9ance selon le traitement choisi<\/span>\n          <\/li>\n          <li>4 s\u00e9ances minimum pour obtenir un r\u00e9sultat visible<\/li>\n        <\/ul>\n        <p class=\"u-align-center u-custom-font u-font-raleway u-text u-text-custom-color-3 u-text-5\">PRIX<\/p>\n        <p class=\"u-custom-font u-font-raleway u-text u-text-6\">\n          <span style=\"font-weight: 700;\">135.-<\/span> par s\u00e9ance<br>-10% pour 4 s\u00e9ances ou plus<br>\n        <\/p>\n        <div class=\"u-expanded-width u-list u-list-1\">\n          <div class=\"u-repeater u-repeater-1\">\n            <div class=\"u-container-style u-list-item u-opacity u-opacity-45 u-repeater-item u-shape-rectangle u-white\">\n              <div class=\"u-container-layout u-similar-container u-container-layout-1\">\n                <h2 class=\"u-align-center u-custom-font u-font-raleway u-subtitle u-text u-text-custom-color-3 u-text-default u-text-7\">Indications<\/h2>\n                <ul class=\"u-align-left u-custom-font u-font-raleway u-text u-text-8\">\n                  <li> Indiqu\u00e9 pour les peaux grasses, cependant, il peut \u00e9galement \u00eatre effectu\u00e9 sur les peaux s\u00e8ches et d\u00e9shydrat\u00e9es.<\/li>\n                  <li>Cernes et poches sous les yeux<\/li>\n                  <li>Vergetures et cicatrices<\/li>\n                  <li>Anti-\u00e2ge\/Bior\u00e9vitalisation<\/li>\n                  <li>Sexy lips (hydratation des l\u00e8vres<\/li>\n                  <li>\n                    <span style=\"font-weight: 700;\">Contre-indiqu\u00e9<\/span> aux personnes sous traitement anticoagulant\n                  <\/li>\n                <\/ul>\n              <\/div>\n            <\/div>\n            <div class=\"u-container-style u-list-item u-opacity u-opacity-45 u-repeater-item u-shape-rectangle u-white\">\n              <div class=\"u-container-layout u-similar-container u-container-layout-2\">\n                <h2 class=\"u-align-center u-custom-font u-font-raleway u-subtitle u-text u-text-custom-color-3 u-text-default u-text-9\">Exemple de sous-titre<\/h2>\n                <ul class=\"u-align-left u-custom-font u-font-raleway u-text u-text-10\">\n                  <li>-INDIQU\u00c9 POUR LES PEAUX GRASSES, CEPENDANT, ILPEUT \u00c9GALEMENT \u00caTRE EFFECTU\u00c9 SUR LES PEAUXS\u00c8CHES ET D\u00c9SHYDRAT\u00c9ES.\n-CERNES ET SACS SOUS LES YEUX\n-VERGETURES ET CICATRICES\n-ANTI-\u00c2GE\/BIOR\u00c9VITALIZATION\n-SEXY LIPS (HYDRATATION DES L\u00c8VRES)\n-CONTRA-INDIQUE AU PERSONNES SOUS TRAITEMENTANTI COAGULANT (EX SINTRUM)<\/li>\n                <\/ul>\n              <\/div>\n            <\/div>\n            <div class=\"u-container-style u-list-item u-opacity u-opacity-45 u-repeater-item u-shape-rectangle u-white\">\n              <div class=\"u-container-layout u-similar-container u-container-layout-3\">\n                <h2 class=\"u-align-center u-custom-font u-font-raleway u-subtitle u-text u-text-custom-color-3 u-text-default u-text-11\">Exemple de sous-titre<\/h2>\n                <ul class=\"u-align-left u-custom-font u-font-raleway u-text u-text-12\">\n                  <li> Exemple de texte. Lorem ipsum dolor sit amet, consectetur adipiscing elit nullam nunc justo sagittis suscipit ultrices.<\/li>\n                <\/ul>\n              <\/div>\n            <\/div>\n            <div class=\"u-container-style u-list-item u-opacity u-opacity-45 u-repeater-item u-shape-rectangle u-white\">\n              <div class=\"u-container-layout u-similar-container u-container-layout-4\">\n                <h2 class=\"u-align-center u-custom-font u-font-raleway u-subtitle u-text u-text-custom-color-3 u-text-default u-text-13\">Exemple de sous-titre<\/h2>\n                <ul class=\"u-align-left u-custom-font u-font-raleway u-text u-text-14\">\n                  <li> Exemple de texte. Lorem ipsum dolor sit amet, consectetur adipiscing elit nullam nunc justo sagittis suscipit ultrices.<\/li>\n                <\/ul>\n              <\/div>\n            <\/div>\n          <\/div>\n        <\/div>\n      <\/div>\n    <\/section>\n    \n    \n    \n  \n","protected":false},"excerpt":{"rendered":"<p>microneedling &nbsp;LE RAJEUNISSEMENT EST \u00c0 PORT\u00c9E DE MAIN Informations de 40 \u00e0 60 minutes par s\u00e9ance selon le traitement choisi 4 s\u00e9ances minimum pour obtenir un r\u00e9sultat visible PRIX 135.- par s\u00e9ance-10% pour 4 s\u00e9ances ou plus Indications Indiqu\u00e9 pour les peaux grasses, cependant, il peut \u00e9galement \u00eatre effectu\u00e9 sur les peaux s\u00e8ches et d\u00e9shydrat\u00e9es. &hellip; <a href=\"https:\/\/naturellement-belle.ch\/index.php\/microneedling-2\/\" class=\"more-link\">Continue reading<span class=\"screen-reader-text\"> &#8220;Microneedling&#8221;<\/span><\/a><\/p>\n","protected":false},"author":1,"featured_media":0,"parent":0,"menu_order":0,"comment_status":"closed","ping_status":"closed","template":"","meta":{"om_disable_all_campaigns":false,"_monsterinsights_skip_tracking":false,"_monsterinsights_sitenote_active":false,"_monsterinsights_sitenote_note":"","_monsterinsights_sitenote_category":0},"_links":{"self":[{"href":"https:\/\/naturellement-belle.ch\/index.php\/wp-json\/wp\/v2\/pages\/271"}],"collection":[{"href":"https:\/\/naturellement-belle.ch\/index.php\/wp-json\/wp\/v2\/pages"}],"about":[{"href":"https:\/\/naturellement-belle.ch\/index.php\/wp-json\/wp\/v2\/types\/page"}],"author":[{"embeddable":true,"href":"https:\/\/naturellement-belle.ch\/index.php\/wp-json\/wp\/v2\/users\/1"}],"replies":[{"embeddable":true,"href":"https:\/\/naturellement-belle.ch\/index.php\/wp-json\/wp\/v2\/comments?post=271"}],"version-history":[{"count":4,"href":"https:\/\/naturellement-belle.ch\/index.php\/wp-json\/wp\/v2\/pages\/271\/revisions"}],"predecessor-version":[{"id":276,"href":"https:\/\/naturellement-belle.ch\/index.php\/wp-json\/wp\/v2\/pages\/271\/revisions\/276"}],"wp:attachment":[{"href":"https:\/\/naturellement-belle.ch\/index.php\/wp-json\/wp\/v2\/media?parent=271"}],"curies":[{"name":"wp","href":"https:\/\/api.w.org\/{rel}","templated":true}]}}

<section class="u-clearfix u-custom-color-2 u-section-2" id="sec-9728">
      <div class="u-clearfix u-sheet u-sheet-1">
        <h1 class="u-custom-font u-font-raleway u-text u-text-custom-color-3 u-text-default u-text-1">microneedling</h1>
        <p class="u-custom-font u-font-raleway u-text u-text-custom-color-3 u-text-2">&nbsp;LE RAJEUNISSEMENT EST À PORTÉE DE MAIN<br>
        </p>
        <div class="u-align-center u-border-20 u-border-custom-color-3 u-image u-image-circle u-image-1" alt="" data-image-width="738" data-image-height="895"></div>
        <div class="u-opacity u-opacity-30 u-shape u-shape-rectangle u-white u-shape-1"></div>
        <h1 class="u-custom-font u-font-raleway u-text u-text-custom-color-3 u-text-default u-text-3">Informations</h1>
        <ul class="u-custom-font u-font-raleway u-indent-0 u-spacing-15 u-text u-text-4">
          <li>
            <span style="background-color: #f9eaf1;">de 40 à 60 minutes par séance selon le traitement choisi</span>
          </li>
          <li>4 séances minimum pour obtenir un résultat visible</li>
        </ul>
        <p class="u-align-center u-custom-font u-font-raleway u-text u-text-custom-color-3 u-text-5">PRIX</p>
        <p class="u-custom-font u-font-raleway u-text u-text-6">
          <span style="font-weight: 700;">135.-</span> par séance<br>-10% pour 4 séances ou plus<br>
        </p>
        <div class="u-expanded-width u-list u-list-1">
          <div class="u-repeater u-repeater-1">
            <div class="u-container-style u-list-item u-opacity u-opacity-45 u-repeater-item u-shape-rectangle u-white">
              <div class="u-container-layout u-similar-container u-container-layout-1">
                <h2 class="u-align-center u-custom-font u-font-raleway u-subtitle u-text u-text-custom-color-3 u-text-default u-text-7">Indications</h2>
                <ul class="u-align-left u-custom-font u-font-raleway u-text u-text-8">
                  <li> Indiqué pour les peaux grasses, cependant, il peut également être effectué sur les peaux sèches et déshydratées.</li>
                  <li>Cernes et poches sous les yeux</li>
                  <li>Vergetures et cicatrices</li>
                  <li>Anti-âge/Biorévitalisation</li>
                  <li>Sexy lips (hydratation des lèvres</li>
                  <li>
                    <span style="font-weight: 700;">Contre-indiqué</span> aux personnes sous traitement anticoagulant
                  </li>
                </ul>
              </div>
            </div>
            <div class="u-container-style u-list-item u-opacity u-opacity-45 u-repeater-item u-shape-rectangle u-white">
              <div class="u-container-layout u-similar-container u-container-layout-2">
                <h2 class="u-align-center u-custom-font u-font-raleway u-subtitle u-text u-text-custom-color-3 u-text-default u-text-9">Exemple de sous-titre</h2>
                <ul class="u-align-left u-custom-font u-font-raleway u-text u-text-10">
                  <li>-INDIQUÉ POUR LES PEAUX GRASSES, CEPENDANT, ILPEUT ÉGALEMENT ÊTRE EFFECTUÉ SUR LES PEAUXSÈCHES ET DÉSHYDRATÉES.
-CERNES ET SACS SOUS LES YEUX
-VERGETURES ET CICATRICES
-ANTI-ÂGE/BIORÉVITALIZATION
-SEXY LIPS (HYDRATATION DES LÈVRES)
-CONTRA-INDIQUE AU PERSONNES SOUS TRAITEMENTANTI COAGULANT (EX SINTRUM)</li>
                </ul>
              </div>
            </div>
            <div class="u-container-style u-list-item u-opacity u-opacity-45 u-repeater-item u-shape-rectangle u-white">
              <div class="u-container-layout u-similar-container u-container-layout-3">
                <h2 class="u-align-center u-custom-font u-font-raleway u-subtitle u-text u-text-custom-color-3 u-text-default u-text-11">Exemple de sous-titre</h2>
                <ul class="u-align-left u-custom-font u-font-raleway u-text u-text-12">
                  <li> Exemple de texte. Lorem ipsum dolor sit amet, consectetur adipiscing elit nullam nunc justo sagittis suscipit ultrices.</li>
                </ul>
              </div>
            </div>
            <div class="u-container-style u-list-item u-opacity u-opacity-45 u-repeater-item u-shape-rectangle u-white">
              <div class="u-container-layout u-similar-container u-container-layout-4">
                <h2 class="u-align-center u-custom-font u-font-raleway u-subtitle u-text u-text-custom-color-3 u-text-default u-text-13">Exemple de sous-titre</h2>
                <ul class="u-align-left u-custom-font u-font-raleway u-text u-text-14">
                  <li> Exemple de texte. Lorem ipsum dolor sit amet, consectetur adipiscing elit nullam nunc justo sagittis suscipit ultrices.</li>
                </ul>
              </div>
            </div>
          </div>
        </div>
      </div>
    </section>

<p>microneedling &nbsp;LE RAJEUNISSEMENT EST À PORTÉE DE MAIN Informations de 40 à 60 minutes par séance selon le traitement choisi 4 séances minimum pour obtenir un résultat visible PRIX 135.- par séance-10% pour 4 séances ou plus Indications Indiqué pour les peaux grasses, cependant, il peut également être effectué sur les peaux sèches et déshydratées. &hellip; <a href="https://naturellement-belle.ch/index.php/microneedling-2/" class="more-link">Continue reading<span class="screen-reader-text"> &#8220;Microneedling&#8221;</span></a></p>
