{"id":364,"date":"2021-11-27T10:45:42","date_gmt":"2021-11-27T09:45:42","guid":{"rendered":"http:\/\/naturellement-belle.ch\/?post_type=product&#038;p=364"},"modified":"2026-03-10T20:32:33","modified_gmt":"2026-03-10T19:32:33","slug":"creme-buriti-du-bresil","status":"publish","type":"product","link":"https:\/\/naturellement-belle.ch\/index.php\/produit\/creme-buriti-du-bresil\/","title":{"rendered":"Cr\u00e8me Buriti du Br\u00e9sil"},"content":{"rendered":"<h2 class=\"content-produit-sous-titre\">\u00ab Fini les teints blafards \u00bb<\/h2>\n<p>Le Buriti, \u00e9galement appel\u00e9 Aguaje, est un palmier originaire de la for\u00eat amazonienne. Tr\u00e8s commun dans la r\u00e9gion, le buriti donne son nom \u00e0 nombre de villes et de villages de la r\u00e9gion centre du Br\u00e9sil (Buritizal, Canto do Buriti, Buriti dos Lopes&#8230;)<\/p>\n<p>&nbsp;<\/p>\n<p>C&#8217;est un arbre sacr\u00e9 pour les populations (il est d\u2019ailleurs appel\u00e9 \u00ab arbre de vie \u00bb) du fait de ses multiples usages. En effet, les troncs servent de charpente pour les constructions, les feuilles servent \u00e0 confectionner des sacs, des paniers et des chapeaux, et les fruits sont tr\u00e8s utilis\u00e9s dans l\u2019alimentation pour pr\u00e9parer des compotes ou m\u00eame du vin.<\/p>\n<p>&nbsp;<\/p>\n<p>V\u00e9ritable concentr\u00e9 de carot\u00e9no\u00efdes <b>(3 fois plus riche en b\u00e9ta-carot\u00e8ne que l\u2019huile de carotte)<\/b>, l&#8217;huile v\u00e9g\u00e9tale de Buriti est capable d&#8217;absorber une bonne partie des rayons UV et d&#8217;emprisonner les radicaux libres responsables des effets nocifs sur la peau. Id\u00e9ale pour prolonger le bronzage, cette huile \u00e9molliente et anti-d\u00e9shydratation s&#8217;utilise aussi bien sur la peau que sur les cheveux dont elle assurera la protection face aux agressions ext\u00e9rieures.<\/p>\n<p>&nbsp;<\/p>\n<p>Forte de ses actifs naturellement riches en vitamine C, illuminateurs et \u00e9claircissants, la gamme Buriti apporte un effet bonne mine imm\u00e9diat aux peaux fatigu\u00e9es, aux teints ternes et brouill\u00e9s et sera l\u2019alli\u00e9e indispensable des citadin(e)s, fumeur(e)s, apr\u00e8s une p\u00e9riode de convalescence, apr\u00e8s un changement de temps\u2026<\/p>\n","protected":false},"excerpt":{"rendered":"<p>La gamme Buriti apporte un effet bonne mine imm\u00e9diat aux peaux fatigu\u00e9es, aux teints ternes et brouill\u00e9s<\/p>\n","protected":false},"featured_media":365,"comment_status":"open","ping_status":"closed","template":"","meta":{"om_disable_all_campaigns":false,"_monsterinsights_skip_tracking":false,"_monsterinsights_sitenote_active":false,"_monsterinsights_sitenote_note":"","_monsterinsights_sitenote_category":0},"product_cat":[25],"product_tag":[],"_links":{"self":[{"href":"https:\/\/naturellement-belle.ch\/index.php\/wp-json\/wp\/v2\/product\/364"}],"collection":[{"href":"https:\/\/naturellement-belle.ch\/index.php\/wp-json\/wp\/v2\/product"}],"about":[{"href":"https:\/\/naturellement-belle.ch\/index.php\/wp-json\/wp\/v2\/types\/product"}],"replies":[{"embeddable":true,"href":"https:\/\/naturellement-belle.ch\/index.php\/wp-json\/wp\/v2\/comments?post=364"}],"wp:featuredmedia":[{"embeddable":true,"href":"https:\/\/naturellement-belle.ch\/index.php\/wp-json\/wp\/v2\/media\/365"}],"wp:attachment":[{"href":"https:\/\/naturellement-belle.ch\/index.php\/wp-json\/wp\/v2\/media?parent=364"}],"wp:term":[{"taxonomy":"product_cat","embeddable":true,"href":"https:\/\/naturellement-belle.ch\/index.php\/wp-json\/wp\/v2\/product_cat?post=364"},{"taxonomy":"product_tag","embeddable":true,"href":"https:\/\/naturellement-belle.ch\/index.php\/wp-json\/wp\/v2\/product_tag?post=364"}],"curies":[{"name":"wp","href":"https:\/\/api.w.org\/{rel}","templated":true}]}}

Crème Buriti du Brésil

<h2 class="content-produit-sous-titre">« Fini les teints blafards »</h2>
<p>Le Buriti, également appelé Aguaje, est un palmier originaire de la forêt amazonienne. Très commun dans la région, le buriti donne son nom à nombre de villes et de villages de la région centre du Brésil (Buritizal, Canto do Buriti, Buriti dos Lopes&#8230;)</p>
<p>&nbsp;</p>
<p>C&#8217;est un arbre sacré pour les populations (il est d’ailleurs appelé « arbre de vie ») du fait de ses multiples usages. En effet, les troncs servent de charpente pour les constructions, les feuilles servent à confectionner des sacs, des paniers et des chapeaux, et les fruits sont très utilisés dans l’alimentation pour préparer des compotes ou même du vin.</p>
<p>&nbsp;</p>
<p>Véritable concentré de caroténoïdes <b>(3 fois plus riche en béta-carotène que l’huile de carotte)</b>, l&#8217;huile végétale de Buriti est capable d&#8217;absorber une bonne partie des rayons UV et d&#8217;emprisonner les radicaux libres responsables des effets nocifs sur la peau. Idéale pour prolonger le bronzage, cette huile émolliente et anti-déshydratation s&#8217;utilise aussi bien sur la peau que sur les cheveux dont elle assurera la protection face aux agressions extérieures.</p>
<p>&nbsp;</p>
<p>Forte de ses actifs naturellement riches en vitamine C, illuminateurs et éclaircissants, la gamme Buriti apporte un effet bonne mine immédiat aux peaux fatiguées, aux teints ternes et brouillés et sera l’alliée indispensable des citadin(e)s, fumeur(e)s, après une période de convalescence, après un changement de temps…</p>

<p>La gamme Buriti apporte un effet bonne mine immédiat aux peaux fatiguées, aux teints ternes et brouillés</p>
