{"id":709,"date":"2021-11-28T08:45:14","date_gmt":"2021-11-28T07:45:14","guid":{"rendered":"http:\/\/naturellement-belle.ch\/?post_type=product&#038;p=709"},"modified":"2022-03-26T12:17:45","modified_gmt":"2022-03-26T11:17:45","slug":"escapade-polynesienne-beton","status":"publish","type":"product","link":"https:\/\/naturellement-belle.ch\/index.php\/produit\/escapade-polynesienne-beton\/","title":{"rendered":"Bougies Beton"},"content":{"rendered":"<p>Bougie naturelle et artisanale\u00a0\u00e0 la cire de colza non OGM.\u00a0Coul\u00e9e \u00e0 la main.<\/p>\n<p>&nbsp;<\/p>\n<p>Coul\u00e9e \u00e0 la main dans un contenant en b\u00e9ton rechargeable fabriqu\u00e9 artisanalement.<\/p>\n<p>&nbsp;<\/p>\n<p><strong>Poids<\/strong><strong>:<\/strong> environ 80g<\/p>\n<p><strong>Dur\u00e9e de combustion<\/strong>: environ 18h<\/p>\n<p><strong>Conseils d&#8217;utilisation<\/strong>: Ne jamais laisser br\u00fbler une bougie sans surveillance ni proche ou sur un objet susceptible de prendre feu.<\/p>\n<p>Nous vous conseillons de faire br\u00fbler votre bougie minimum 1h afin que la surface soit enti\u00e8rement fondue. Il est indispensable de recouper la m\u00e8che en bois \u00e0 environ 0,5 cm \u00e0 chaque fois que vous allumerez la bougie. Il est conseill\u00e9 de faire br\u00fbler la bougie par tranche de 2h maximum.<\/p>\n","protected":false},"excerpt":{"rendered":"<p>Bougie naturelle et artisanale\u00a0\u00e0 la cire de colza non OGM.\u00a0Coul\u00e9e \u00e0 la main.<\/p>\n","protected":false},"featured_media":710,"comment_status":"open","ping_status":"closed","template":"","meta":{"om_disable_all_campaigns":false,"_monsterinsights_skip_tracking":false,"_monsterinsights_sitenote_active":false,"_monsterinsights_sitenote_note":"","_monsterinsights_sitenote_category":0},"product_cat":[33],"product_tag":[],"_links":{"self":[{"href":"https:\/\/naturellement-belle.ch\/index.php\/wp-json\/wp\/v2\/product\/709"}],"collection":[{"href":"https:\/\/naturellement-belle.ch\/index.php\/wp-json\/wp\/v2\/product"}],"about":[{"href":"https:\/\/naturellement-belle.ch\/index.php\/wp-json\/wp\/v2\/types\/product"}],"replies":[{"embeddable":true,"href":"https:\/\/naturellement-belle.ch\/index.php\/wp-json\/wp\/v2\/comments?post=709"}],"wp:featuredmedia":[{"embeddable":true,"href":"https:\/\/naturellement-belle.ch\/index.php\/wp-json\/wp\/v2\/media\/710"}],"wp:attachment":[{"href":"https:\/\/naturellement-belle.ch\/index.php\/wp-json\/wp\/v2\/media?parent=709"}],"wp:term":[{"taxonomy":"product_cat","embeddable":true,"href":"https:\/\/naturellement-belle.ch\/index.php\/wp-json\/wp\/v2\/product_cat?post=709"},{"taxonomy":"product_tag","embeddable":true,"href":"https:\/\/naturellement-belle.ch\/index.php\/wp-json\/wp\/v2\/product_tag?post=709"}],"curies":[{"name":"wp","href":"https:\/\/api.w.org\/{rel}","templated":true}]}}