{"id":916,"date":"2022-03-26T13:58:01","date_gmt":"2022-03-26T12:58:01","guid":{"rendered":"http:\/\/naturellement-belle.ch\/?post_type=product&#038;p=916"},"modified":"2022-03-26T13:58:57","modified_gmt":"2022-03-26T12:58:57","slug":"ame-soeur","status":"publish","type":"product","link":"https:\/\/naturellement-belle.ch\/index.php\/produit\/ame-soeur\/","title":{"rendered":"\u00c2me soeur"},"content":{"rendered":"<div class=\"body field field-name-body field-type-text-with-summary field-label-above\">\n<table border=\"1\" cellspacing=\"1\" cellpadding=\"1\">\n<tbody>\n<tr>\n<td><strong>Volume :\u00a0<\/strong><\/td>\n<td>250 g ou 1kg<\/td>\n<\/tr>\n<tr>\n<td><strong>Emballage :\u00a0<\/strong><\/td>\n<td>250 g dans un bocal en verre recyclable \/\u00a01 kg dans un pot en PET recyclable<\/td>\n<\/tr>\n<tr>\n<td><strong>Parfum et huile essentielle :<\/strong><\/td>\n<td>Fabriqu\u00e9s \u00e0 Grasse. Mono\u00ef<\/p>\n<p>Huile essentielle d&#8217;ylang &#8211; ylang\u00a0bio<\/td>\n<\/tr>\n<tr>\n<td><strong>Dur\u00e9e de conservation :<\/strong><\/td>\n<td>6 mois apr\u00e8s la premi\u00e8re utilisation<\/td>\n<\/tr>\n<\/tbody>\n<\/table>\n<table border=\"1\" cellspacing=\"1\" cellpadding=\"1\">\n<tbody>\n<tr>\n<td><strong>EN SAVOIR PLUS<\/strong><\/p>\n<p>Le sel de bain \u00e2me soeur au\u00a0parfum sensuel de\u00a0mono\u00ef et l&#8217;huile essentielle de ylang-ylang vous aide \u00e0 passer des\u00a0moments envoutants seul(e) ou \u00e0 deux.<\/p>\n<p>Envo\u00fbtant !<\/td>\n<\/tr>\n<\/tbody>\n<\/table>\n<p>&nbsp;<\/p>\n<\/div>\n<h3>Composition<\/h3>\n<div class=\"field-composition field field-name-field-composition field-type-text-long field-label-above\">\n<p>Sodium chloride \/ Sea salt, Perfume \/ Fragrance, Cananga Odorata Flower Oil, Rosa Damascena Flower, Benzyl Benzoate**, Linalool**, Farnesol**, Isoeugenol**, Geraniol**, Eugenol**, Benzyl alcohol**.<\/p>\n<p>*Issu de l\u2019agriculture biologique \/ From organic farming<\/p>\n<p>**Aux huiles essentielles et parfum, from essential oils and\u00a0in\u00a0the fragrance<\/p>\n<\/div>\n","protected":false},"excerpt":{"rendered":"<p>Volume :\u00a0 250 g ou 1kg Emballage :\u00a0 250 g dans un bocal en verre recyclable \/\u00a01 kg dans un pot en PET recyclable Parfum et huile essentielle : Fabriqu\u00e9s \u00e0 Grasse. Mono\u00ef Huile essentielle d&#8217;ylang &#8211; ylang\u00a0bio Dur\u00e9e de conservation : 6 mois apr\u00e8s la premi\u00e8re utilisation EN SAVOIR PLUS Le sel de bain &hellip; <a href=\"https:\/\/naturellement-belle.ch\/index.php\/produit\/ame-soeur\/\" class=\"more-link\">Continue reading<span class=\"screen-reader-text\"> &#8220;\u00c2me soeur&#8221;<\/span><\/a><\/p>\n","protected":false},"featured_media":919,"comment_status":"open","ping_status":"closed","template":"","meta":{"om_disable_all_campaigns":false,"_monsterinsights_skip_tracking":false,"_monsterinsights_sitenote_active":false,"_monsterinsights_sitenote_note":"","_monsterinsights_sitenote_category":0},"product_cat":[41],"product_tag":[],"_links":{"self":[{"href":"https:\/\/naturellement-belle.ch\/index.php\/wp-json\/wp\/v2\/product\/916"}],"collection":[{"href":"https:\/\/naturellement-belle.ch\/index.php\/wp-json\/wp\/v2\/product"}],"about":[{"href":"https:\/\/naturellement-belle.ch\/index.php\/wp-json\/wp\/v2\/types\/product"}],"replies":[{"embeddable":true,"href":"https:\/\/naturellement-belle.ch\/index.php\/wp-json\/wp\/v2\/comments?post=916"}],"wp:featuredmedia":[{"embeddable":true,"href":"https:\/\/naturellement-belle.ch\/index.php\/wp-json\/wp\/v2\/media\/919"}],"wp:attachment":[{"href":"https:\/\/naturellement-belle.ch\/index.php\/wp-json\/wp\/v2\/media?parent=916"}],"wp:term":[{"taxonomy":"product_cat","embeddable":true,"href":"https:\/\/naturellement-belle.ch\/index.php\/wp-json\/wp\/v2\/product_cat?post=916"},{"taxonomy":"product_tag","embeddable":true,"href":"https:\/\/naturellement-belle.ch\/index.php\/wp-json\/wp\/v2\/product_tag?post=916"}],"curies":[{"name":"wp","href":"https:\/\/api.w.org\/{rel}","templated":true}]}}

Âme soeur

<div class="body field field-name-body field-type-text-with-summary field-label-above">
<table border="1" cellspacing="1" cellpadding="1">
<tbody>
<tr>
<td><strong>Volume : </strong></td>
<td>250 g ou 1kg</td>
</tr>
<tr>
<td><strong>Emballage : </strong></td>
<td>250 g dans un bocal en verre recyclable / 1 kg dans un pot en PET recyclable</td>
</tr>
<tr>
<td><strong>Parfum et huile essentielle :</strong></td>
<td>Fabriqués à Grasse. Monoï</p>
<p>Huile essentielle d&#8217;ylang &#8211; ylang bio</td>
</tr>
<tr>
<td><strong>Durée de conservation :</strong></td>
<td>6 mois après la première utilisation</td>
</tr>
</tbody>
</table>
<table border="1" cellspacing="1" cellpadding="1">
<tbody>
<tr>
<td><strong>EN SAVOIR PLUS</strong></p>
<p>Le sel de bain âme soeur au parfum sensuel de monoï et l&#8217;huile essentielle de ylang-ylang vous aide à passer des moments envoutants seul(e) ou à deux.</p>
<p>Envoûtant !</td>
</tr>
</tbody>
</table>
<p>&nbsp;</p>
</div>
<h3>Composition</h3>
<div class="field-composition field field-name-field-composition field-type-text-long field-label-above">
<p>Sodium chloride / Sea salt, Perfume / Fragrance, Cananga Odorata Flower Oil, Rosa Damascena Flower, Benzyl Benzoate**, Linalool**, Farnesol**, Isoeugenol**, Geraniol**, Eugenol**, Benzyl alcohol**.</p>
<p>*Issu de l’agriculture biologique / From organic farming</p>
<p>**Aux huiles essentielles et parfum, from essential oils and in the fragrance</p>
</div>

<p>Volume :  250 g ou 1kg Emballage :  250 g dans un bocal en verre recyclable / 1 kg dans un pot en PET recyclable Parfum et huile essentielle : Fabriqués à Grasse. Monoï Huile essentielle d&#8217;ylang &#8211; ylang bio Durée de conservation : 6 mois après la première utilisation EN SAVOIR PLUS Le sel de bain &hellip; <a href="https://naturellement-belle.ch/index.php/produit/ame-soeur/" class="more-link">Continue reading<span class="screen-reader-text"> &#8220;Âme soeur&#8221;</span></a></p>
