{"id":920,"date":"2022-03-26T13:59:45","date_gmt":"2022-03-26T12:59:45","guid":{"rendered":"http:\/\/naturellement-belle.ch\/?post_type=product&#038;p=920"},"modified":"2022-03-26T14:00:30","modified_gmt":"2022-03-26T13:00:30","slug":"biscuit-italien","status":"publish","type":"product","link":"https:\/\/naturellement-belle.ch\/index.php\/produit\/biscuit-italien\/","title":{"rendered":"Biscuit Italien"},"content":{"rendered":"<div class=\"body field field-name-body field-type-text-with-summary field-label-above\">\n<table border=\"1\" cellspacing=\"1\" cellpadding=\"1\">\n<tbody>\n<tr>\n<td><strong>Volume :<\/strong><\/td>\n<td>250 g \/ 1kg<\/td>\n<\/tr>\n<tr>\n<td><strong>Emballage : <\/strong><\/td>\n<td>250 g en verre \/ 1 kg en pet<\/td>\n<\/tr>\n<tr>\n<td><strong>Parfum : <\/strong><\/td>\n<td>Biscuit Italien (noix de coco &#8211; vanill\u00e9e).\u00a0Parfum \u00a0de qualit\u00e9 fabriqu\u00e9s \u00e0 Grasse.<\/td>\n<\/tr>\n<tr>\n<td><strong>Dur\u00e9e de conservation :<\/strong><\/td>\n<td>6 mois apr\u00e8s la premi\u00e8re utilisation<\/td>\n<\/tr>\n<\/tbody>\n<\/table>\n<table border=\"1\" cellspacing=\"1\" cellpadding=\"1\">\n<tbody>\n<tr>\n<td><strong>EN SAVOIR PLUS<\/strong><\/p>\n<p>D\u00e9licieuse senteur de biscuit Italien, sa fragrance sucr\u00e9e transporte les sens dans un d\u00e9lice \u00e0 l\u2019accent de gourmandise. Prennez le temps de vous d\u00e9tendre avec nos sels de bain enrichis de fleurs de calendula.<\/td>\n<\/tr>\n<\/tbody>\n<\/table>\n<p>&nbsp;<\/p>\n<\/div>\n<h3>Composition<\/h3>\n<div class=\"field-composition field field-name-field-composition field-type-text-long field-label-above\">\n<p>Sodium Chloride (Sea salt); Parfum\/ Fragrance, Calendula officinalis Flower.<\/p>\n<\/div>\n","protected":false},"excerpt":{"rendered":"<p>Volume : 250 g \/ 1kg Emballage : 250 g en verre \/ 1 kg en pet Parfum : Biscuit Italien (noix de coco &#8211; vanill\u00e9e).\u00a0Parfum \u00a0de qualit\u00e9 fabriqu\u00e9s \u00e0 Grasse. Dur\u00e9e de conservation : 6 mois apr\u00e8s la premi\u00e8re utilisation EN SAVOIR PLUS D\u00e9licieuse senteur de biscuit Italien, sa fragrance sucr\u00e9e transporte les sens &hellip; <a href=\"https:\/\/naturellement-belle.ch\/index.php\/produit\/biscuit-italien\/\" class=\"more-link\">Continue reading<span class=\"screen-reader-text\"> &#8220;Biscuit Italien&#8221;<\/span><\/a><\/p>\n","protected":false},"featured_media":923,"comment_status":"open","ping_status":"closed","template":"","meta":{"om_disable_all_campaigns":false,"_monsterinsights_skip_tracking":false,"_monsterinsights_sitenote_active":false,"_monsterinsights_sitenote_note":"","_monsterinsights_sitenote_category":0},"product_cat":[41],"product_tag":[],"_links":{"self":[{"href":"https:\/\/naturellement-belle.ch\/index.php\/wp-json\/wp\/v2\/product\/920"}],"collection":[{"href":"https:\/\/naturellement-belle.ch\/index.php\/wp-json\/wp\/v2\/product"}],"about":[{"href":"https:\/\/naturellement-belle.ch\/index.php\/wp-json\/wp\/v2\/types\/product"}],"replies":[{"embeddable":true,"href":"https:\/\/naturellement-belle.ch\/index.php\/wp-json\/wp\/v2\/comments?post=920"}],"wp:featuredmedia":[{"embeddable":true,"href":"https:\/\/naturellement-belle.ch\/index.php\/wp-json\/wp\/v2\/media\/923"}],"wp:attachment":[{"href":"https:\/\/naturellement-belle.ch\/index.php\/wp-json\/wp\/v2\/media?parent=920"}],"wp:term":[{"taxonomy":"product_cat","embeddable":true,"href":"https:\/\/naturellement-belle.ch\/index.php\/wp-json\/wp\/v2\/product_cat?post=920"},{"taxonomy":"product_tag","embeddable":true,"href":"https:\/\/naturellement-belle.ch\/index.php\/wp-json\/wp\/v2\/product_tag?post=920"}],"curies":[{"name":"wp","href":"https:\/\/api.w.org\/{rel}","templated":true}]}}

<div class="body field field-name-body field-type-text-with-summary field-label-above">
<table border="1" cellspacing="1" cellpadding="1">
<tbody>
<tr>
<td><strong>Volume :</strong></td>
<td>250 g / 1kg</td>
</tr>
<tr>
<td><strong>Emballage : </strong></td>
<td>250 g en verre / 1 kg en pet</td>
</tr>
<tr>
<td><strong>Parfum : </strong></td>
<td>Biscuit Italien (noix de coco &#8211; vanillée). Parfum  de qualité fabriqués à Grasse.</td>
</tr>
<tr>
<td><strong>Durée de conservation :</strong></td>
<td>6 mois après la première utilisation</td>
</tr>
</tbody>
</table>
<table border="1" cellspacing="1" cellpadding="1">
<tbody>
<tr>
<td><strong>EN SAVOIR PLUS</strong></p>
<p>Délicieuse senteur de biscuit Italien, sa fragrance sucrée transporte les sens dans un délice à l’accent de gourmandise. Prennez le temps de vous détendre avec nos sels de bain enrichis de fleurs de calendula.</td>
</tr>
</tbody>
</table>
<p>&nbsp;</p>
</div>
<h3>Composition</h3>
<div class="field-composition field field-name-field-composition field-type-text-long field-label-above">
<p>Sodium Chloride (Sea salt); Parfum/ Fragrance, Calendula officinalis Flower.</p>
</div>

<p>Volume : 250 g / 1kg Emballage : 250 g en verre / 1 kg en pet Parfum : Biscuit Italien (noix de coco &#8211; vanillée). Parfum  de qualité fabriqués à Grasse. Durée de conservation : 6 mois après la première utilisation EN SAVOIR PLUS Délicieuse senteur de biscuit Italien, sa fragrance sucrée transporte les sens &hellip; <a href="https://naturellement-belle.ch/index.php/produit/biscuit-italien/" class="more-link">Continue reading<span class="screen-reader-text"> &#8220;Biscuit Italien&#8221;</span></a></p>
