{"id":933,"date":"2022-03-26T14:15:35","date_gmt":"2022-03-26T13:15:35","guid":{"rendered":"http:\/\/naturellement-belle.ch\/?post_type=product&#038;p=933"},"modified":"2022-03-26T15:11:51","modified_gmt":"2022-03-26T14:11:51","slug":"verveine-et-miel-bio","status":"publish","type":"product","link":"https:\/\/naturellement-belle.ch\/index.php\/produit\/verveine-et-miel-bio\/","title":{"rendered":"verveine et miel bio"},"content":{"rendered":"<div class=\"body field field-name-body field-type-text-with-summary field-label-above\">\n<table border=\"1\" cellspacing=\"1\" cellpadding=\"1\">\n<tbody>\n<tr>\n<td>Poids<\/td>\n<td>Environ 90g &#8211; 3,17oz<\/td>\n<\/tr>\n<tr>\n<td>Emballage<\/td>\n<td>Papier recyclable<\/td>\n<\/tr>\n<tr>\n<td>Temps de conservation<\/td>\n<td>18 mois apr\u00e8s la premi\u00e8re utilisation du produit<\/td>\n<\/tr>\n<\/tbody>\n<\/table>\n<table border=\"1\" cellspacing=\"1\" cellpadding=\"1\">\n<tbody>\n<tr>\n<td><strong>EN SAVOIR PLUS<\/strong><\/td>\n<\/tr>\n<\/tbody>\n<\/table>\n<table border=\"1\" cellspacing=\"1\" cellpadding=\"1\">\n<tbody>\n<tr>\n<td>\n<p class=\"rtejustify\">Pour le visage et le corps.<\/p>\n<p class=\"rtejustify\">Savon naturel tr\u00e8s doux fabriqu\u00e9 \u00e0 froid dans notre savonnerie.\u00a0Les huiles ne sont pas chauff\u00e9es ni d\u00e9natur\u00e9es, tr\u00e8s riches en glyc\u00e9rine naturelle.<\/p>\n<p class=\"rtejustify\">Le\u00a0miel bio et la cire d&#8217;abeille ont\u00a0des vertus protectrices, cicatrisantes et nourrissantes formant un film protecteur sur la peau.<\/p>\n<p class=\"rtejustify\">Parfum de qualit\u00e9 fabriqu\u00e9 \u00e0 Grasse en Provence.<\/p>\n<p>Compos\u00e9 d<strong>&#8216;huiles v\u00e9g\u00e9tales biologiques <\/strong>de qualit\u00e9 sup\u00e9rieure.<\/p>\n<p>Enrichi \u00e0 <strong>l&#8217;huile d&#8217;olive\u00a0bio.<\/strong><\/td>\n<\/tr>\n<\/tbody>\n<\/table>\n<table border=\"1\" cellspacing=\"1\" cellpadding=\"1\">\n<tbody>\n<tr>\n<td>La savonnerie \u00ab Un P\u2019tit tour et puis savon&#8221; vous prie de garder \u00e0 l&#8217;esprit que tous nos cosm\u00e9tiques \u00e9tant faits main et naturels, il est normal d\u2019observer des diff\u00e9rences d\u2019un produit \u00e0 l\u2019autre telles que de l\u00e9g\u00e8res variations de couleur, de contenance ou de clart\u00e9. Les couleurs et formes des savons peuvent notamment \u00eatre passablement diff\u00e9rentes selon le lot.<\/td>\n<\/tr>\n<\/tbody>\n<\/table>\n<p class=\"rtecenter\"><strong>Pr\u00e9cautions\u00a0<\/strong><br \/>\nTenir hors port\u00e9e des enfants. Ne pas ing\u00e9rer ou mettre dans les yeux. Ne pas utiliser sur une plaie ouverte ou purulente.<\/p>\n<p class=\"rtecenter\"><strong>Ne pas utiliser en cas de grossesse ou d\u2019allaitement ni sur les enfants &lt; 3 ans.<\/strong><\/p>\n<\/div>\n<h3>Composition<\/h3>\n<div class=\"field-composition field field-name-field-composition field-type-text-long field-label-above\">\n<table border=\"1\" cellspacing=\"1\" cellpadding=\"1\">\n<tbody>\n<tr>\n<td>\n<p class=\"rtejustify\">Sodium Olivate (Olive)*, Aqua, Sodium Cocoate (Coco)*, Glycerin,Sodium Shea Butterate (Karit\u00e9)*, Sodium Sunflowerseedate (Tournesol)*, Sodium Castorate (Ricin)*, Sodium Cocoa Butterate (Cacao)*, Parfum, Cera Alba, Mel (Miel)*, \u00a0Benzyl Alcohol**, Citral**, Citronellol**, Geraniol**, Limonene**, Linalool**<\/p>\n<p class=\"rtejustify\">*Issu de l\u2019agriculture biologique<\/p>\n<p class=\"rtejustify\">**Allerg\u00e8nes pr\u00e9sents dans le parfum<\/p>\n<\/td>\n<\/tr>\n<\/tbody>\n<\/table>\n<\/div>\n","protected":false},"excerpt":{"rendered":"<p>Poids Environ 90g &#8211; 3,17oz Emballage Papier recyclable Temps de conservation 18 mois apr\u00e8s la premi\u00e8re utilisation du produit EN SAVOIR PLUS Pour le visage et le corps. Savon naturel tr\u00e8s doux fabriqu\u00e9 \u00e0 froid dans notre savonnerie.\u00a0Les huiles ne sont pas chauff\u00e9es ni d\u00e9natur\u00e9es, tr\u00e8s riches en glyc\u00e9rine naturelle. Le\u00a0miel bio et la cire &hellip; <a href=\"https:\/\/naturellement-belle.ch\/index.php\/produit\/verveine-et-miel-bio\/\" class=\"more-link\">Continue reading<span class=\"screen-reader-text\"> &#8220;verveine et miel bio&#8221;<\/span><\/a><\/p>\n","protected":false},"featured_media":934,"comment_status":"open","ping_status":"closed","template":"","meta":{"om_disable_all_campaigns":false,"_monsterinsights_skip_tracking":false,"_monsterinsights_sitenote_active":false,"_monsterinsights_sitenote_note":"","_monsterinsights_sitenote_category":0},"product_cat":[42],"product_tag":[],"_links":{"self":[{"href":"https:\/\/naturellement-belle.ch\/index.php\/wp-json\/wp\/v2\/product\/933"}],"collection":[{"href":"https:\/\/naturellement-belle.ch\/index.php\/wp-json\/wp\/v2\/product"}],"about":[{"href":"https:\/\/naturellement-belle.ch\/index.php\/wp-json\/wp\/v2\/types\/product"}],"replies":[{"embeddable":true,"href":"https:\/\/naturellement-belle.ch\/index.php\/wp-json\/wp\/v2\/comments?post=933"}],"wp:featuredmedia":[{"embeddable":true,"href":"https:\/\/naturellement-belle.ch\/index.php\/wp-json\/wp\/v2\/media\/934"}],"wp:attachment":[{"href":"https:\/\/naturellement-belle.ch\/index.php\/wp-json\/wp\/v2\/media?parent=933"}],"wp:term":[{"taxonomy":"product_cat","embeddable":true,"href":"https:\/\/naturellement-belle.ch\/index.php\/wp-json\/wp\/v2\/product_cat?post=933"},{"taxonomy":"product_tag","embeddable":true,"href":"https:\/\/naturellement-belle.ch\/index.php\/wp-json\/wp\/v2\/product_tag?post=933"}],"curies":[{"name":"wp","href":"https:\/\/api.w.org\/{rel}","templated":true}]}}

<div class="body field field-name-body field-type-text-with-summary field-label-above">
<table border="1" cellspacing="1" cellpadding="1">
<tbody>
<tr>
<td>Poids</td>
<td>Environ 90g &#8211; 3,17oz</td>
</tr>
<tr>
<td>Emballage</td>
<td>Papier recyclable</td>
</tr>
<tr>
<td>Temps de conservation</td>
<td>18 mois après la première utilisation du produit</td>
</tr>
</tbody>
</table>
<table border="1" cellspacing="1" cellpadding="1">
<tbody>
<tr>
<td><strong>EN SAVOIR PLUS</strong></td>
</tr>
</tbody>
</table>
<table border="1" cellspacing="1" cellpadding="1">
<tbody>
<tr>
<td>
<p class="rtejustify">Pour le visage et le corps.</p>
<p class="rtejustify">Savon naturel très doux fabriqué à froid dans notre savonnerie. Les huiles ne sont pas chauffées ni dénaturées, très riches en glycérine naturelle.</p>
<p class="rtejustify">Le miel bio et la cire d&#8217;abeille ont des vertus protectrices, cicatrisantes et nourrissantes formant un film protecteur sur la peau.</p>
<p class="rtejustify">Parfum de qualité fabriqué à Grasse en Provence.</p>
<p>Composé d<strong>&#8216;huiles végétales biologiques </strong>de qualité supérieure.</p>
<p>Enrichi à <strong>l&#8217;huile d&#8217;olive bio.</strong></td>
</tr>
</tbody>
</table>
<table border="1" cellspacing="1" cellpadding="1">
<tbody>
<tr>
<td>La savonnerie « Un P’tit tour et puis savon&#8221; vous prie de garder à l&#8217;esprit que tous nos cosmétiques étant faits main et naturels, il est normal d’observer des différences d’un produit à l’autre telles que de légères variations de couleur, de contenance ou de clarté. Les couleurs et formes des savons peuvent notamment être passablement différentes selon le lot.</td>
</tr>
</tbody>
</table>
<p class="rtecenter"><strong>Précautions </strong><br />
Tenir hors portée des enfants. Ne pas ingérer ou mettre dans les yeux. Ne pas utiliser sur une plaie ouverte ou purulente.</p>
<p class="rtecenter"><strong>Ne pas utiliser en cas de grossesse ou d’allaitement ni sur les enfants &lt; 3 ans.</strong></p>
</div>
<h3>Composition</h3>
<div class="field-composition field field-name-field-composition field-type-text-long field-label-above">
<table border="1" cellspacing="1" cellpadding="1">
<tbody>
<tr>
<td>
<p class="rtejustify">Sodium Olivate (Olive)*, Aqua, Sodium Cocoate (Coco)*, Glycerin,Sodium Shea Butterate (Karité)*, Sodium Sunflowerseedate (Tournesol)*, Sodium Castorate (Ricin)*, Sodium Cocoa Butterate (Cacao)*, Parfum, Cera Alba, Mel (Miel)*,  Benzyl Alcohol**, Citral**, Citronellol**, Geraniol**, Limonene**, Linalool**</p>
<p class="rtejustify">*Issu de l’agriculture biologique</p>
<p class="rtejustify">**Allergènes présents dans le parfum</p>
</td>
</tr>
</tbody>
</table>
</div>

<p>Poids Environ 90g &#8211; 3,17oz Emballage Papier recyclable Temps de conservation 18 mois après la première utilisation du produit EN SAVOIR PLUS Pour le visage et le corps. Savon naturel très doux fabriqué à froid dans notre savonnerie. Les huiles ne sont pas chauffées ni dénaturées, très riches en glycérine naturelle. Le miel bio et la cire &hellip; <a href="https://naturellement-belle.ch/index.php/produit/verveine-et-miel-bio/" class="more-link">Continue reading<span class="screen-reader-text"> &#8220;verveine et miel bio&#8221;</span></a></p>
