{"id":966,"date":"2022-03-26T15:09:12","date_gmt":"2022-03-26T14:09:12","guid":{"rendered":"http:\/\/naturellement-belle.ch\/?post_type=product&#038;p=966"},"modified":"2022-03-26T15:09:13","modified_gmt":"2022-03-26T14:09:13","slug":"sous-les-etoiles-diffuseur-voiture","status":"publish","type":"product","link":"https:\/\/naturellement-belle.ch\/index.php\/produit\/sous-les-etoiles-diffuseur-voiture\/","title":{"rendered":"Sous les \u00e9toiles (diffuseur voiture)"},"content":{"rendered":"<div class=\"body field field-name-body field-type-text-with-summary field-label-above\">\n<p>Vous aimez que cela sente bon dans votre voiture ? Qu\u2019il y ait toujours une odeur agr\u00e9able, qui vous aide \u00e0 vous sentir bien et \u00e0 conduire en \u00e9tant apais\u00e9 ? D\u00e9couvrez notre gamme de diffuseurs de parfum pour les v\u00e9hicules ! Petits et dot\u00e9s d\u2019un design \u00e9pur\u00e9, ils sont discrets et con\u00e7us pour durer environ 3 \u00e0 4 semaines.<\/p>\n<p>Des objets discrets, raffin\u00e9s et aux fragrances vari\u00e9es<\/p>\n<p>Pour \u00eatre efficace, un diffuseur n\u2019a pas besoin d\u2019\u00eatre imposant ou accroch\u00e9 au r\u00e9troviseur d\u2019une voiture. Il peut \u00eatre, \u00e0 l\u2019instar de nos mod\u00e8les, fix\u00e9 sur une grille d\u2019a\u00e9ration et de ventilation et ainsi, diffuser son parfum. De m\u00eame, nos cr\u00e9ations et d\u00e9sodorisants s\u2019adaptent \u00e0 toutes les voitures, des citadines aux utilitaires en passant par les SUV et les familiales. Et comme vous avez le choix entre de nombreuses fragrances , vous pouvez varier les plaisirs, en fonction de la saison, de votre humeur du moment ou de vos go\u00fbts !<\/p>\n<\/div>\n<h3>Composition<\/h3>\n<div class=\"field-composition field field-name-field-composition field-type-text-long field-label-above\">\n<p>1 flacon en verre de 6ml de parfum, avec un capuchon et 2 battonets en bois. N&#8217;oublions pas son joli pochon en lin qui fera certainement une jolie id\u00e9e cadeau z\u00e9ro d\u00e9chet.<\/p>\n<\/div>\n","protected":false},"excerpt":{"rendered":"<p>Vous aimez que cela sente bon dans votre voiture ? Qu\u2019il y ait toujours une odeur agr\u00e9able, qui vous aide \u00e0 vous sentir bien et \u00e0 conduire en \u00e9tant apais\u00e9 ? D\u00e9couvrez notre gamme de diffuseurs de parfum pour les v\u00e9hicules ! Petits et dot\u00e9s d\u2019un design \u00e9pur\u00e9, ils sont discrets et con\u00e7us pour durer &hellip; <a href=\"https:\/\/naturellement-belle.ch\/index.php\/produit\/sous-les-etoiles-diffuseur-voiture\/\" class=\"more-link\">Continue reading<span class=\"screen-reader-text\"> &#8220;Sous les \u00e9toiles (diffuseur voiture)&#8221;<\/span><\/a><\/p>\n","protected":false},"featured_media":967,"comment_status":"open","ping_status":"closed","template":"","meta":{"om_disable_all_campaigns":false,"_monsterinsights_skip_tracking":false,"_monsterinsights_sitenote_active":false,"_monsterinsights_sitenote_note":"","_monsterinsights_sitenote_category":0},"product_cat":[43],"product_tag":[],"_links":{"self":[{"href":"https:\/\/naturellement-belle.ch\/index.php\/wp-json\/wp\/v2\/product\/966"}],"collection":[{"href":"https:\/\/naturellement-belle.ch\/index.php\/wp-json\/wp\/v2\/product"}],"about":[{"href":"https:\/\/naturellement-belle.ch\/index.php\/wp-json\/wp\/v2\/types\/product"}],"replies":[{"embeddable":true,"href":"https:\/\/naturellement-belle.ch\/index.php\/wp-json\/wp\/v2\/comments?post=966"}],"wp:featuredmedia":[{"embeddable":true,"href":"https:\/\/naturellement-belle.ch\/index.php\/wp-json\/wp\/v2\/media\/967"}],"wp:attachment":[{"href":"https:\/\/naturellement-belle.ch\/index.php\/wp-json\/wp\/v2\/media?parent=966"}],"wp:term":[{"taxonomy":"product_cat","embeddable":true,"href":"https:\/\/naturellement-belle.ch\/index.php\/wp-json\/wp\/v2\/product_cat?post=966"},{"taxonomy":"product_tag","embeddable":true,"href":"https:\/\/naturellement-belle.ch\/index.php\/wp-json\/wp\/v2\/product_tag?post=966"}],"curies":[{"name":"wp","href":"https:\/\/api.w.org\/{rel}","templated":true}]}}